{"id":1675,"date":"2024-05-22T09:29:47","date_gmt":"2024-05-22T12:29:47","guid":{"rendered":"https:\/\/pedidos.anotameupedido.com\/?post_type=product&#038;p=1675"},"modified":"2024-05-22T09:29:48","modified_gmt":"2024-05-22T12:29:48","slug":"fettuccine-a-bolonhesa","status":"publish","type":"product","link":"https:\/\/upgyn.com.br\/sistemas\/pedidos\/?product=fettuccine-a-bolonhesa","title":{"rendered":"Fettuccine \u00e0 Bolonhesa"},"content":{"rendered":"","protected":false},"excerpt":{"rendered":"<p>Macarr\u00e3o ao Dente, Feito com Alm\u00f4ndegas de Carne e Molho de Tomate bem Encorpado<\/p>\n","protected":false},"featured_media":1676,"template":"","meta":[],"product_cat":[22],"product_tag":[],"class_list":{"0":"post-1675","1":"product","2":"type-product","3":"status-publish","4":"has-post-thumbnail","6":"product_cat-executivos","8":"first","9":"instock","10":"shipping-taxable","11":"purchasable","12":"product-type-simple"},"_links":{"self":[{"href":"https:\/\/upgyn.com.br\/sistemas\/pedidos\/index.php?rest_route=\/wp\/v2\/product\/1675","targetHints":{"allow":["GET"]}}],"collection":[{"href":"https:\/\/upgyn.com.br\/sistemas\/pedidos\/index.php?rest_route=\/wp\/v2\/product"}],"about":[{"href":"https:\/\/upgyn.com.br\/sistemas\/pedidos\/index.php?rest_route=\/wp\/v2\/types\/product"}],"wp:featuredmedia":[{"embeddable":true,"href":"https:\/\/upgyn.com.br\/sistemas\/pedidos\/index.php?rest_route=\/wp\/v2\/media\/1676"}],"wp:attachment":[{"href":"https:\/\/upgyn.com.br\/sistemas\/pedidos\/index.php?rest_route=%2Fwp%2Fv2%2Fmedia&parent=1675"}],"wp:term":[{"taxonomy":"product_cat","embeddable":true,"href":"https:\/\/upgyn.com.br\/sistemas\/pedidos\/index.php?rest_route=%2Fwp%2Fv2%2Fproduct_cat&post=1675"},{"taxonomy":"product_tag","embeddable":true,"href":"https:\/\/upgyn.com.br\/sistemas\/pedidos\/index.php?rest_route=%2Fwp%2Fv2%2Fproduct_tag&post=1675"}],"curies":[{"name":"wp","href":"https:\/\/api.w.org\/{rel}","templated":true}]}}