{"id":1614,"date":"2024-05-20T05:38:31","date_gmt":"2024-05-20T08:38:31","guid":{"rendered":"https:\/\/pedidos.anotameupedido.com\/?post_type=product&#038;p=1614"},"modified":"2024-05-22T08:21:01","modified_gmt":"2024-05-22T11:21:01","slug":"abacaxi-na-cachaca","status":"publish","type":"product","link":"https:\/\/upgyn.com.br\/sistemas\/pedidos\/?product=abacaxi-na-cachaca","title":{"rendered":"Abacaxi na Cacha\u00e7a"},"content":{"rendered":"","protected":false},"excerpt":{"rendered":"<p>Abacaxi Marinado na Cacha\u00e7a com Raspas de Lim\u00e3o e Sal Grosso<\/p>\n","protected":false},"featured_media":1615,"template":"","meta":[],"product_cat":[23],"product_tag":[],"class_list":{"0":"post-1614","1":"product","2":"type-product","3":"status-publish","4":"has-post-thumbnail","6":"product_cat-entradas","8":"first","9":"instock","10":"shipping-taxable","11":"purchasable","12":"product-type-simple"},"_links":{"self":[{"href":"https:\/\/upgyn.com.br\/sistemas\/pedidos\/index.php?rest_route=\/wp\/v2\/product\/1614","targetHints":{"allow":["GET"]}}],"collection":[{"href":"https:\/\/upgyn.com.br\/sistemas\/pedidos\/index.php?rest_route=\/wp\/v2\/product"}],"about":[{"href":"https:\/\/upgyn.com.br\/sistemas\/pedidos\/index.php?rest_route=\/wp\/v2\/types\/product"}],"wp:featuredmedia":[{"embeddable":true,"href":"https:\/\/upgyn.com.br\/sistemas\/pedidos\/index.php?rest_route=\/wp\/v2\/media\/1615"}],"wp:attachment":[{"href":"https:\/\/upgyn.com.br\/sistemas\/pedidos\/index.php?rest_route=%2Fwp%2Fv2%2Fmedia&parent=1614"}],"wp:term":[{"taxonomy":"product_cat","embeddable":true,"href":"https:\/\/upgyn.com.br\/sistemas\/pedidos\/index.php?rest_route=%2Fwp%2Fv2%2Fproduct_cat&post=1614"},{"taxonomy":"product_tag","embeddable":true,"href":"https:\/\/upgyn.com.br\/sistemas\/pedidos\/index.php?rest_route=%2Fwp%2Fv2%2Fproduct_tag&post=1614"}],"curies":[{"name":"wp","href":"https:\/\/api.w.org\/{rel}","templated":true}]}}