{"id":1324,"date":"2024-05-16T14:59:52","date_gmt":"2024-05-16T17:59:52","guid":{"rendered":"https:\/\/pedidos.anotameupedido.com\/?post_type=product&#038;p=1324"},"modified":"2024-05-20T05:26:34","modified_gmt":"2024-05-20T08:26:34","slug":"ceviche-de-salmao","status":"publish","type":"product","link":"https:\/\/upgyn.com.br\/sistemas\/pedidos\/?product=ceviche-de-salmao","title":{"rendered":"Ceviche de Salm\u00e3o"},"content":{"rendered":"","protected":false},"excerpt":{"rendered":"<p>Por\u00e7\u00e3o de an\u00e9is de cebola crocante. Acompanha molho barbecue\u2026<\/p>\n","protected":false},"featured_media":1325,"template":"","meta":[],"product_cat":[23],"product_tag":[],"class_list":{"0":"post-1324","1":"product","2":"type-product","3":"status-publish","4":"has-post-thumbnail","6":"product_cat-entradas","8":"first","9":"instock","10":"shipping-taxable","11":"purchasable","12":"product-type-simple"},"_links":{"self":[{"href":"https:\/\/upgyn.com.br\/sistemas\/pedidos\/index.php?rest_route=\/wp\/v2\/product\/1324","targetHints":{"allow":["GET"]}}],"collection":[{"href":"https:\/\/upgyn.com.br\/sistemas\/pedidos\/index.php?rest_route=\/wp\/v2\/product"}],"about":[{"href":"https:\/\/upgyn.com.br\/sistemas\/pedidos\/index.php?rest_route=\/wp\/v2\/types\/product"}],"wp:featuredmedia":[{"embeddable":true,"href":"https:\/\/upgyn.com.br\/sistemas\/pedidos\/index.php?rest_route=\/wp\/v2\/media\/1325"}],"wp:attachment":[{"href":"https:\/\/upgyn.com.br\/sistemas\/pedidos\/index.php?rest_route=%2Fwp%2Fv2%2Fmedia&parent=1324"}],"wp:term":[{"taxonomy":"product_cat","embeddable":true,"href":"https:\/\/upgyn.com.br\/sistemas\/pedidos\/index.php?rest_route=%2Fwp%2Fv2%2Fproduct_cat&post=1324"},{"taxonomy":"product_tag","embeddable":true,"href":"https:\/\/upgyn.com.br\/sistemas\/pedidos\/index.php?rest_route=%2Fwp%2Fv2%2Fproduct_tag&post=1324"}],"curies":[{"name":"wp","href":"https:\/\/api.w.org\/{rel}","templated":true}]}}